(m) = -2*m - 9. What is v(-12)?
15
Let q(w) = 15*w**2 - 1. Give q(1).
14
Let c(m) = m - 7. Give c(-9).
-16
Let k(w) = 10*w + 1. Determine k(-2).
-19
Let l(f) = -2*f**2 - 2*f. Determine l(-3).
-12
Let g(w) = 34*w**3 + 2*w**2 + w. Calculate g(-1).
-33
Let h(m) = m**2 + 4. Determine h(3).
13
Let b(k) = -21*k + 114. What is b(10)?
-96
Let o(n) = -2*n + 42. Calculate o(25).
-8
Let u(g) = -3*g + 5. Give u(0).
5
Let w(z) = z**2 + 12*z + 1. What is w(-13)?
14
Let t(h) = 5*h + 13. Give t(-6).
-17
Let x(g) = -9*g + 88. What is x(10)?
-2
Let p(x) = -2*x - 35. What is p(-11)?
-13
Let v(x) = -x**3 - 3*x**2 + 4*x - 4. Calculate v(-5).
26
Let h(n) = -5*n - 3. What is h(0)?
-3
Let b(c) = -c**2 - 6. Calculate b(-3).
-15
Let g(b) = -b**3 + b**2 - 2*b - 9. Give g(0).
-9
Let a(g) = -g**2 + 13*g - 15. Calculate a(11).
7
Let q(v) = -v**2 + 6. Calculate q(-6).
-30
Let f(m) = -3*m**2 - 2*m + 2. Calculate f(-2).
-6
Let y(h) = -4*h + 31. Determine y(9).
-5
Let s(v) = -2*v**2. Calculate s(-3).
-18
Let i(l) = l**3 - 41*l**2 - 86*l - 11. Give i(43).
-11
Let t(a) = -a**2 + 5*a - 5. What is t(3)?
1
Let r(t) = 4*t - 2. What is r(5)?
18
Let v(z) = z**3 + 22*z**2 + 20*z - 22. Determine v(-21).
-1
Let f(u) = u**3 + 11*u**2 + 17*u + 22. What is f(-9)?
31
Let b(u) = -u**3 + 10*u**2 - 13*u + 5. Calculate b(9).
-31
Let f(t) = -33*t + 262. Determine f(8).
-2
Let w(b) = -49*b - 2. Determine w(1).
-51
Let o(u) = 6*u - 241. Calculate o(35).
-31
Let o(n) = -2*n**3 + 9*n**2 + 5*n + 4. Calculate o(5).
4
Let u(r) = r**3 - 18*r**2 + 32*r - 32. Give u(16).
-32
Let n(i) = i**2 + 5*i + 1. What is n(-7)?
15
Let y(v) = 2*v**2 + 36*v + 153. Give y(-7).
-1
Let s(x) = -4*x + 17. Give s(5).
-3
Let w(m) = -m**3 + 5*m**2 - 6*m - 4. Calculate w(3).
-4
Let l(g) = g**2 - 9*g - 2. Determine l(12).
34
Let s(g) = -g**3 + 18*g**2 - 19*g + 26. Calculate s(17).
-8
Let z(h) = -h**3 - 5*h**2 + 3*h - 6. Calculate z(-6).
12
Let a(b) = -b**3 + 2*b**2 + 10*b + 10. Give a(-1).
3
Let a(j) = -2*j**3 - 4*j**2 - 6*j - 5. What is a(-2)?
7
Let t(w) = 2*w**3 + 11*w**2 + 6*w + 10. Calculate t(-5).
5
Let f(u) = 13*u + 30. Calculate f(-3).
-9
Let d(a) = a**3 + 9*a**2 - 11*a - 11. Give d(-10).
-1
Let y(j) = j**2 + 17*j - 85. Determine y(-21).
-1
Let m(d) = 3*d**2 - 17*d + 25. What is m(2)?
3
Let a(q) = q + 4. What is a(0)?
4
Let q(m) = -2*m - 4. What is q(-4)?
4
Let t(j) = j**3 + 2*j**2 + 4*j + 2. Calculate t(-2).
-6
Let p(w) = w**2 + 2*w - 3. Calculate p(3).
12
Let s(f) = -f**3 + f + 4. What is s(4)?
-56
Let i(z) = 5*z**3 - 44*z**2 - 6*z - 25. What is i(9)?
2
Let s(g) = -g**3 + 20*g**2 - 48*g - 45. Calculate s(17).
6
Let v(p) = -p**2 - 10*p - 10. Calculate v(-9).
-1
Let q(x) = -4*x + 8. Determine q(4).
-8
Let d(k) = 89*k**2 + k + 1. Calculate d(-1).
89
Let j(y) = y**2 + 6*y + 8. Determine j(-8).
24
Let i(p) = -2*p**2 - 56*p - 7. Give i(-28).
-7
Let u(w) = 2*w**2 - 12*w + 4. Calculate u(5).
-6
Let d(i) = 7*i**2 + 27*i - 27. What is d(1)?
7
Let q(h) = 4*h**2 + 14*h + 7. Calculate q(-3).
1
Let p(v) = -3*v**2 - 46*v - 2. Determine p(-15).
13
Let i(q) = q**2 - 13*q - 4. Give i(11).
-26
Let i(h) = -6*h - 197. Give i(-33).
1
Let f(l) = l**3 + 3*l**2 - 10*l - 3. Calculate f(-5).
-3
Let v(p) = p**3 + 6*p**2 + 6*p + 6. Calculate v(-5).
1
Let w(s) = -s**2 - 4*s + 29. What is w(5)?
-16
Let v(s) = -2*s - 1. What is v(3)?
-7
Let p(v) = -10*v + 29. Calculate p(4).
-11
Let w(b) = -15*b + 2. What is w(1)?
-13
Let r(q) = -2*q - 2. Calculate r(-1).
0
Let o(r) = -4*r + 1. Give o(4).
-15
Let h(p) = -p**3 - 9*p**2 - 2*p - 4. Give h(-9).
14
Let l(y) = -y**3 - 4*y**2 - y + 1. Give l(-3).
-5
Let l(q) = -q**3 + q**2 - q + 24. Calculate l(0).
24
Let m(z) = 2*z + 13. Give m(-21).
-29
Let g(m) = 5*m + 109. Calculate g(-25).
-16
Let i(o) = 3*o**3 - 2*o**2 - 4*o - 3. Calculate i(-1).
-4
Let y(r) = 4*r**2 - 10*r - 27. Determine y(-2).
9
Let d(x) = -2*x**3 + 5*x**2 - x - 3. Give d(3).
-15
Let d(q) = -q**3 + 22*q**2 - 20*q - 14. Calculate d(21).
7
Let g(m) = m**2. Determine g(2).
4
Let h(y) = 6*y - 95. Calculate h(18).
13
Let g(f) = f**3 - 18*f**2 + 2. Calculate g(18).
2
Let y(t) = -2*t**2 + 2*t - 3. What is y(-2)?
-15
Let s(w) = w**3 + 9*w**2 - 21*w + 6. What is s(-11)?
-5
Let j(h) = -h**2 + 17*h - 22. Determine j(16).
-6
Let i(n) = -n**2 + 7*n + 4. What is i(8)?
-4
Let r(l) = 2*l**2 + 11*l + 2. Give r(-4).
-10
Let j(p) = 5*p - 3. Determine j(5).
22
Let a(u) = -46*u - 269. Determine a(-6).
7
Let d(i) = -44*i**3 + i**2 + i. Calculate d(-1).
44
Let h(k) = -6*k + 19. Determine h(3).
1
Let j(z) = z**2 - 18*z - 1149. Calculate j(44).
-5
Let f(c) = 2*c + 7. Determine f(5).
17
Let k(l) = 5*l - 5. Give k(2).
5
Let x(a) = 2*a + 34. Calculate x(-13).
8
Let u(y) = -2*y + 6. Calculate u(5).
-4
Let c(l) = 5*l**3 - l**2 - 1. What is c(1)?
3
Let s(w) = -2*w - 35. Give s(-15).
-5
Let i(o) = -o**2 - 10*o - 12. Give i(-10).
-12
Let b(d) = 8*d**2 - 35*d + 3. Give b(4).
-9
Let t(p) = -2*p**3 + 14*p**2 - p - 48. Calculate t(6).
18
Let r(u) = u**2 + 18*u + 70. Determine r(-5).
5
Let u(k) = -k**3 - 10*k**2 + 9*k - 3. Give u(-11).
19
Let l(o) = o**3 - 2*o**2 + 3. Determine l(3).
12
Let v(t) = 2*t - 14. Calculate v(3).
-8
Let g(i) = i**3 - 5*i**2 - 12*i - 6. Determine g(7).
8
Let r(m) = -2*m - 4. What is r(0)?
-4
Let v(c) = -c**2 + 5*c - 9. Determine v(-8).
-113
Let n(q) = -q**3 - 29*q**2 + 31*q + 50. Calculate n(-30).
20
Let b(p) = -p**3 + 12*p**2 + 14*p - 17. Give b(13).
-4
Let r(z) = z**2 - 55. What is r(9)?
26
Let v(b) = 2*b**3 + 16*b**2 + b + 8. Determine v(-8).
0
Let l(f) = -6*f**2 - 2*f - 1. What is l(-1)?
-5
Let l(k) = -k**3 + 12*k**2 - 21*k - 12. Give l(6).
78
Let m(q) = q**2 - 8*q - 4. Calculate m(9).
5
Let g(z) = z**3 - 8*z**2 + z - 13. What is g(8)?
-5
Let c(v) = 5*v - 1. Determine c(-2).
-11
Let w(f) = 5*f**2 - 34*f - 22. Calculate w(7).
-15
Let z(n) = 7*n**2 + 8*n + 2. Give z(-3).
41
Let g(a) = a**3 + 6*a**2 - 24*a + 5. Calculate g(-9).
-22
Let k(w) = -w**3 + 9*w**2 + 5*w - 34. Give k(9).
11
Let h(b) = b - 10. What is h(2)?
-8
Let a(d) = d**2 + d - 7. Give a(3).
5
Let w(z) = z**2 - 2*z - 16. Calculate w(6).
8
Let l(g) = -g**3 + 24*g**2 - 82*g + 32. Determine l(20).
-8
Let q(k) = -7*k**2 - 9. Calculate q(-3).
-72
Let o(h) = -7*h - 5. Give o(-2).
9
Let z(k) = 9*k + 27. Determine z(7).
90
Let g(r) = 2*r - 2. Determine g(11).
20
Let z(q) = 4*q - 11. What is z(7)?
17
Let j(g) = g - 21. What is j(10)?
-11
Let n(x) = -x**2 - 15*x + 36. Calculate n(-22).
-118
Let b(d) = -d**2 - 41*d - 184. Determine b(-36).
-4
Let x(f) = f**2 - 2*f - 8. Calculate x(7).
27
Let v(l) = -l**3 - 11*l**2 - 26*l + 28. Determine v(-7).
14
Let d(w) = -50*w + 6. Calculate d(0).
6
Let y(f) = 2*f**2 - 36*f - 91. What is y(21)?
35
Let q(d) = d**3 + 15*d**2 + 9*d - 26. Calculate q(-14).
44
Let q(a) = a**3 + 12*a**2 + 12*a + 14. Give q(-11).
3
Let r(b) = 5*b**3 + 2*b + 2. What is r(-1)?
-5
Let y(l) = -6*l**2 - 7*l - 2. Determine y(-3).
-35
Let s(m) = -m**3 + 14*m**2 + 12*m + 48. What is s(15)?
3
Let a(p) = -p**2 - 64*p - 703. Determine a(-14).
-3
Let z(p) = 51*p**3 - p**2 - p. Calculate z(-1).
-51
Let z(s) = s**3 - 13*s**2 - 2*s + 22. What is z(13)?
-4
Let q(g) = 18*g**2 + 2*g + 1. What is q(-1)?
17
Let r(w) = -36*w**3 - 3*w**2 - 4*w - 2. Give r(-1).
35
Let u(i) = -i**2 + i - 5. Calculate u(0).
-5
Let z(t) = t**2 - 13*t + 5. Calculate z(9).
-31
Let d(i) = -3*i + 40. Calculate d(14).
-2
Let v(u) = 10*u - 6. Determine v(0).
-6
Let k(z) = -z**2 + 11*z - 5. Calculate k(4).
23
Let h(x) = -x - 36. Calculate h(15).
-51
Let d(g) = -2*g**2 + 1. Calculate d(2).
-7
Let d(n) = -n**2 + 12*n - 26. Give d(3).
1
Let p(c) = c**3 - c**2 - 7*c + 10. What is p(-4)?
-42
Let u(l) = l**2 - 7*l - 1. What is u(7)?
-1
Let m(n) = -n**2 - n + 2. Calculate m(-3).
-4
Let w(g) = g + 4. Determine w(6).
10
Let v(x) = -x**2 + 9*x - 10. Determine v(8).
-2
Let d(y) = y**3 + 4*y**2 + y - 20. Calculate d(-4).
-24
Let y(d) = 4*d + 144. Determine y(-34).
8
Let f(u) = -u - 6. Give f(-10).
4
Let y(k) = -7*k - 230. Determine y(-33).
1
Let p(r) = -r + 42. Give p(0).
42
Let q(y) = -y**3 - 8*y**2 - 6*y - 8. What is q(-7)?
-15
Let w(j) = j**3 + 18*j**2 + 16*j - 21. Calculate w(-17).
-4
Let k(t) = -t**3 + t**2 + 2*t. Calculate k(-2).
8
Let q(u) = u**2 - 23*u + 56. Give q(20).
-4
Let r(t) = -t**2 + 7*t + 8. What is r(8)?
0
Let g(f) = f**3 - f**2 - 2*f 